
False
Let k = 739261 - 208160. Is k a composite number?
False
Let x(i) = 3234*i**2 + 105*i - 431. Is x(4) a composite number?
True
Let v(n) = -12*n + 24. Let t be v(-5). Let c = -74 + t. Suppose c*h - 953 = 9*h. Is h prime?
True
Is (-491171)/(-2) + (-2 - ((-11)/2 - -2)) prime?
True
Let z(w) = 22492*w**3 - w**2 + 8. Let f be z(2). Suppose -40*t + 28*t + f = 0. Is t a prime number?
False
Let k be ((-16)/(-12))/(-4) - (-195)/(-9). Let s(o) = o**2 + 20*o - 16. Let d be s(k). Suppose -2*l + 394 = -d. Is l a composite number?
False
Let i be 109/(-218) - (6441/(-2) - 0). Let q = i + 337. Is q composite?
False
Let i(m) = 4*m**3 - 12*m + 13. Let g be i(1). Suppose -2*l = 5*v + 3*l - 69230, 0 = -v - g*l + 13866. Is v a prime number?
True
Let g be 3*-16*((-156)/18)/13. Suppose 0*c - 31 = -4*x - 3*c, 0 = -3*x - 4*c + g. Suppose -3*u = -3*k + 11556, -u = -k + x*u + 3872. Is k a prime number?
True
Let d(z) be the second derivative of 443*z**6/360 + z**5/40 + z**4/8 + 3*z**3 - 10*z. Let m(u) be the second derivative of d(u). Is m(-1) prime?
True
Let t be (1/2)/((-6)/(-34908)) + 6. Is (22/5)/(8767/t + -3) a prime number?
False
Let y = 15971 + -9473. Suppose -j - y = -19*j. Is j a composite number?
True
Let y = -1244 + 5030. Suppose -35*z = 9586 + 27728 + 19981. Let u = y + z. Is u prime?
False
Suppose 44280 = -7*b + 1932887. Is b composite?
True
Let v = -822668 - -1356261. Is v composite?
False
Let c be (-5)/(-6) - 24265/(-690). Suppose -3*h + 16 = 5*n, 5*h + 5*n - 15 = 5. Suppose 0 = -y + h*g + 12, 36 + c = 5*y + 2*g. Is y a composite number?
True
Suppose -51*w + 53*w - 5550 = 0. Suppose -4 = -d - 0. Suppose -b - 5*x = -w, 0 = -d*b + 4*x + 5037 + 6111. Is b a prime number?
False
Suppose 5*q - 4*b - 1280 = -3*b, 0 = 4*q - 4*b - 1008. Suppose -12*o + 1061 = q. Is o prime?
True
Let b(t) = t**3 + 62*t**2 + 529*t + 79. Is b(-34) composite?
False
Let x = -13247 + 29694. Is x prime?
True
Suppose 4*u + 39 = -0*u + 5*r, -5 = r. Let g(s) = s**2 + 28*s + 33. Let v(f) = f - 2. Let w(d) = -g(d) - 6*v(d). Is w(u) a composite number?
True
Is -15 - (15 - 567956) - 5 a prime number?
False
Let q = 51681 - 36188. Is q prime?
True
Suppose 2*m = -2*f + 6, 2*f = -0*m + m - 3. Suppose -3*z - 4275 = -f*z. Let g = 2011 + z. Is g prime?
False
Let i(l) = -l**3 + 14*l**2 + 11*l - 39. Let f be i(14). Suppose -119*n = -f*n - 45436. Is n a composite number?
True
Let w be 0 - (-408)/(-8 - -16). Suppose 52*y - 7669 = w*y. Is y prime?
True
Let m(x) = -x - 4. Let o(u) = 2*u + 38. Let n be o(-22). Let w be m(n). Suppose -w*v = -0*v - 1374. Is v prime?
False
Let b = 4252678 + -2987331. Is b prime?
True
Suppose 89*c - 90 = 94*c. Is -3*3/c*14138 composite?
False
Let h(s) = -s + 22. Let b be h(12). Suppose 0 = 3*u - b + 25, 53 = 3*i + 2*u. Suppose -i*x + 23*x = 370. Is x a prime number?
False
Let s(t) = 1086*t**2 - 7*t - 4. Let q be s(-1). Let w = q + -698. Is w a composite number?
True
Let j = -207049 - -340002. Is j a composite number?
False
Let w(y) = -887*y**3 + 6*y**2 + 8*y - 20. Let o(b) = 4434*b**3 - 32*b**2 - 40*b + 101. Let r(q) = -2*o(q) - 11*w(q). Is r(3) prime?
False
Let f = 38517 - 22434. Suppose -f - 7827 = -30*x. Is x prime?
True
Suppose 5*y + 2*z - 168 = 0, -4*y - z = y - 164. Let r = y - 28. Suppose s = 2, -r*m + 1698 = 4*s - 842. Is m a composite number?
True
Suppose -3*q + 4*s = -1111415, 360 = -2*s + 356. Is q a composite number?
True
Suppose -4*l = 4*p - 1580, -p + 225 = -2*l - 164. Let i = p + -264. Is i prime?
False
Let h = 13 + -3. Suppose 5*p = -t + h, 0 = 3*t - 2*t - 5*p. Suppose -5886 = w - t*w - y, 4*y - 1479 = -w. Is w a prime number?
True
Suppose 8 = t - 4. Is (-5920)/(-3) + (-4)/t composite?
False
Let z(p) = 228*p**2 + 33*p - 196. Is z(15) a composite number?
False
Let n = -87945 - -150746. Is n composite?
False
Let k = 9822 + 595. Suppose 12*b + k - 59413 = 0. Is b prime?
False
Is ((-5325284)/(-425) - (-2)/(-25)) + -4 prime?
False
Let l(q) = 97*q**2 - 56*q - 676. Is l(-11) a prime number?
True
Let b = 90 + -86. Let p(u) = -4189*u**3 - 5*u. Let q be p(b). Is 4/34 + q/(-68) prime?
True
Suppose 0*l + 6906 = 2*l. Let a = 10070 - l. Is a a composite number?
True
Let l = 336 + -331. Suppose -d = l*s - 12086, 5*d - 2*s + 7*s = 60370. Is d a composite number?
False
Suppose 332087 = 3*v + 2*c - 705798, 5*v - 2*c - 1729771 = 0. Is v composite?
True
Let y = -10373 + 26718. Let u = 24282 - y. Is u a prime number?
True
Let h(m) = -2*m**3 + 43*m**2 + 11*m + 7. Suppose -128 + 2 = -6*s. Is h(s) a composite number?
True
Let x(g) = -4*g**2 + 12643. Let j be (-1)/(-8) - 55/440. Is x(j) prime?
False
Let u = 264 - 238. Suppose -u*l + 2305 = -997. Is l a prime number?
True
Let j = -1262 - -630. Let b = 1415 - j. Is b composite?
True
Suppose -3*t + 1472737 = -2*l, -43*t + 41*t + 981806 = l. Is t a prime number?
False
Let s(i) = -i**2 + 12*i - 6. Let n be s(6). Is n/(-40) - 2/((-8)/31607) prime?
True
Let v = 1372 + 144. Let j = v - -1939. Is j a composite number?
True
Let h = 281623 - 2790. Is h prime?
False
Suppose 4*m + 2*r = 301386, -20*m + 4*r - 75329 = -21*m. Is m composite?
True
Let h = 228 - 190. Let s(t) = t**3 - 8*t**2 + 10*t. Let a be s(9). Let m = a - h. Is m a prime number?
False
Let a be (153/(-3))/(-3) + 0/(-8). Let d be (1*(a - -1))/(-2). Let y(f) = f**2 - 5*f + 31. Is y(d) a composite number?
False
Let v(m) = -111*m - 25. Let f(a) = -15 + 10 - 110*a - 22. Let i(u) = -5*f(u) + 6*v(u). Is i(-4) composite?
False
Suppose -4*w + 3*g = -2395265, 0*w + 4*w = -5*g + 2395273. Is w composite?
False
Suppose -3*t + 4*t - 4*l = 5, 4*t + 6 = 3*l. Let n(q) = -q**2 - q + 1. Let k(s) = 75*s**2 - 2*s. Let g(w) = t*n(w) + k(w). Is g(-2) a composite number?
False
Let c(k) = -2695*k - 9. Let p be c(-3). Suppose 10*n = -2*n + p. Is n a prime number?
True
Let u(d) = -4*d**2 - 39*d - 46. Let y(n) = 2*n**2 + 39*n + 48. Let i(v) = -3*u(v) - 4*y(v). Is i(29) composite?
False
Let l be 11/(55/(-20960)) - -3. Let n = l + 7128. Is n prime?
True
Suppose 30*c - 32 = 22*c. Suppose -10*q + 3516 = -c*q. Is q a composite number?
True
Suppose -7*a + 2*x + 31380 = -3*a, 2*x = 3*a - 23537. Suppose 0 = g + 2004 - a. Is g a composite number?
False
Suppose -2*u - 2*s - 9 - 11 = 0, -4*s = -3*u - 44. Let w = 593 + -3254. Is (w/u)/(2*3/24) a composite number?
False
Let t(r) = 3*r**2 + 51*r + 41. Let w be t(-16). Is w*(-1118 + (-5)/(-5) - 0) a prime number?
False
Suppose 5*v = 11 + 14. Suppose -v*k = -2*r + 72, -2*r + 6 = 2*k - 66. Let i = 55 - r. Is i a prime number?
True
Suppose -5*s = -5*f - 30, f - 2*s = -6 - 4. Is f + 8916 + 12 + -3 a composite number?
False
Let j(o) = 2*o + 22. Let i be j(-14). Let s be (-26356)/i - (-4)/(-6). Is s/16*(-4)/(-6) composite?
True
Let a(y) = 1781*y**2 - 387*y - 2763. Is a(-7) prime?
False
Suppose 5 = -4*u - 7, 3*q - 75 = 3*u. Suppose 295366 = 68*v - q*v. Is v a composite number?
False
Let u = 4704319 - 3319046. Is u composite?
False
Suppose -4*p = 3807 - 477491. Is p composite?
True
Let k = 70855 + -11174. Is k prime?
False
Let y = 14 + -9. Suppose 0 = -y*s + 5*d + 25, -2*s = 6*d - 3*d - 25. Suppose 98 = s*z + 10. Is z a composite number?
False
Is 5474437/276 + (-1)/(-12) a prime number?
False
Suppose -71158 = 4*g + d, 5*g + 4*d - 5*d = -88952. Is (1*15)/((-90)/g) a composite number?
True
Let n(p) = -p**2 + 22*p + 25. Let o be n(23). Suppose o*l - 5*s = -339, 3*l - 118 + 584 = -s. Is ((3 - 4)*l)/1 composite?
False
Let o = -79 - -74. Is 34976/2 - o/(-10)*10 prime?
True
Suppose -13*s + 25389475 = 12*s. Suppose 0 = 12*x + 339919 - s. Is x prime?
False
Let s = 36995 - -248. Is s composite?
False
Suppose 4*y - 12 = 0, -88*y = -4*j - 93*y + 17907. Suppose -3210 = -3*c + j. Is c prime?
False
Let j = -7467 - -11276. Is j prime?
False
Let d = 334036 + 170935. Is d a composite number?
True
Let o be ((-228755)/10)/(1/(-4)). Suppose -5*w + 2*b = -91514, 40*b + o = 5*w + 44*b. Is w a prime number?
False
Suppose n + 61 = -0*h - 2*h, 5*n + 5*h + 330 = 0. Let p be 1/((-3)/390*1). Let k = n - p. Is k prime?
True
Let q(i) = 147*i + 2862. Is q(107) composite?
True
Let q(l) = 30870*l + 1025. Is q(24) a composite number?
True
Let f = 14 + -14. Suppose 0*p - 4*c + 216 = -p, f = -3*p - 4*c - 616. Let s = 45 - p. Is s prime?
False
Suppose -20*r = -12*r - 56. Let w(k) = 21*k**3 + 3*k**2 - 17*k + 4. Is w